{"id":247,"date":"2025-09-17T10:04:38","date_gmt":"2025-09-17T08:04:38","guid":{"rendered":"https:\/\/www.lahdenratsastajat.fi\/?page_id=247"},"modified":"2025-09-17T10:07:33","modified_gmt":"2025-09-17T08:07:33","slug":"247-2","status":"publish","type":"page","link":"http:\/\/www.lahdenratsastajat.fi\/?page_id=247","title":{"rendered":"Tuire Kaimion luento 31.10. Takkulassa: Hevosen positiivinen vahvistaminen"},"content":{"rendered":"<p>[et_pb_section fb_built=&#8221;1&#8243; theme_builder_area=&#8221;post_content&#8221; _builder_version=&#8221;4.27.4&#8243; _module_preset=&#8221;default&#8221;][et_pb_row _builder_version=&#8221;4.27.4&#8243; _module_preset=&#8221;default&#8221; theme_builder_area=&#8221;post_content&#8221;][et_pb_column _builder_version=&#8221;4.27.4&#8243; _module_preset=&#8221;default&#8221; type=&#8221;4_4&#8243; theme_builder_area=&#8221;post_content&#8221;][et_pb_text _builder_version=&#8221;4.27.4&#8243; _module_preset=&#8221;default&#8221; theme_builder_area=&#8221;post_content&#8221; hover_enabled=&#8221;0&#8243; sticky_enabled=&#8221;0&#8243;]<\/p>\n<h1><strong>Tuire Kaimio luennoi Takkulassa: Hevosen positiivinen vahvistaminen<\/strong><\/h1>\n<p>[\/et_pb_text][\/et_pb_column][\/et_pb_row][et_pb_row _builder_version=&#8221;4.27.4&#8243; _module_preset=&#8221;default&#8221; column_structure=&#8221;1_2,1_2&#8243; theme_builder_area=&#8221;post_content&#8221;][et_pb_column _builder_version=&#8221;4.27.4&#8243; _module_preset=&#8221;default&#8221; type=&#8221;1_2&#8243; theme_builder_area=&#8221;post_content&#8221;][et_pb_image src=&#8221;http:\/\/www.lahdenratsastajat.fi\/wp-content\/uploads\/2025\/09\/Instagram-postaus-6.jpg&#8221; _builder_version=&#8221;4.27.4&#8243; _module_preset=&#8221;default&#8221; theme_builder_area=&#8221;post_content&#8221; title_text=&#8221;Instagram-postaus (6)&#8221; hover_enabled=&#8221;0&#8243; sticky_enabled=&#8221;0&#8243;][\/et_pb_image][\/et_pb_column][et_pb_column _builder_version=&#8221;4.27.4&#8243; _module_preset=&#8221;default&#8221; type=&#8221;1_2&#8243; theme_builder_area=&#8221;post_content&#8221;][et_pb_text _builder_version=&#8221;4.27.4&#8243; _module_preset=&#8221;default&#8221; theme_builder_area=&#8221;post_content&#8221; hover_enabled=&#8221;0&#8243; sticky_enabled=&#8221;0&#8243;]<\/p>\n<p><strong>Tuire Kaimio luennoi Takkulassa: Hevosen positiivinen vahvistaminen<\/strong><\/p>\n<p><strong>Perjantaina 31.10.2025 kello 18-21<\/strong><\/p>\n<p><span style=\"font-weight: 400;\">Tuire Kaimio on tietokirjailija, el\u00e4intenkouluttaja (eat) ja yleisesti el\u00e4inalan vaikuttaja. Tuire on omistanut ty\u00f6uransa el\u00e4inten hyvinvoinnin ja tieteeseen perustuvien pito- ja koulutustapojen kehitt\u00e4miselle ja levitt\u00e4miselle niin Suomessa kuin ulkomaillakin.<\/span><\/p>\n<p><span style=\"font-weight: 400;\">Tuire kouluttaa ihmisi\u00e4 parempaan el\u00e4inten k\u00e4sittelyyn ja -kouluttamiseen. H\u00e4n opettaa ammattioppilaitoksissa ja ammattikorkeakoulussa tulevia el\u00e4inalan ammattilaisia. Nyt Tuire tulee Takkulaan pit\u00e4m\u00e4\u00e4n luennon hevosten kouluttamisesta positiivisen vahvistamisen saloista.<\/span><\/p>\n<p><span style=\"font-weight: 400;\">Ennakkoliput ovat myynniss\u00e4 19. lokakuuta saakka:<\/span><\/p>\n<ul>\n<li style=\"font-weight: 400;\" aria-level=\"1\"><span style=\"font-weight: 400;\">SRL j\u00e4senet 38 \u20ac<\/span><\/li>\n<li style=\"font-weight: 400;\" aria-level=\"1\"><span style=\"font-weight: 400;\">Ei-j\u00e4senet 40 \u20ac<\/span><\/li>\n<\/ul>\n<p><span style=\"font-weight: 400;\">Lippuhinnat 19. lokakuuta j\u00e4lkeen:<\/span><\/p>\n<ul>\n<li style=\"font-weight: 400;\" aria-level=\"1\"><span style=\"font-weight: 400;\">SRL j\u00e4senet 43 \u20ac<\/span><\/li>\n<li style=\"font-weight: 400;\" aria-level=\"1\"><span style=\"font-weight: 400;\">Ei-j\u00e4senet 45 \u20ac<\/span><\/li>\n<\/ul>\n<p><span style=\"font-weight: 400;\">Tapahtumaan voi osallistua joko paikan p\u00e4\u00e4ll\u00e4 Takkulan seuratalolla tai et\u00e4yhteyden avulla.<\/span><\/p>\n<p><span style=\"font-weight: 400;\"><strong>Sitovat ilmoittautumiset 28.10.2025 menness\u00e4 s\u00e4hk\u00f6postitse osoitteeseen <a href=\"mailto:eveliina@lahdenratsastajat.fi\" title=\"Ilmoittautuminen Tuire Kaimion luennolle\">eveliina@lahdenratsastajat.fi<\/a>.<\/strong> Mainitse ilmoittautuessasi osallistutko paikan p\u00e4\u00e4ll\u00e4 vai et\u00e4n\u00e4.<\/span><\/p>\n<p><span style=\"font-weight: 400;\">Tervetuloa!<\/span><\/p>\n<p>[\/et_pb_text][\/et_pb_column][\/et_pb_row][\/et_pb_section]<\/p>\n","protected":false},"excerpt":{"rendered":"<p>Tuire Kaimio luennoi Takkulassa: Hevosen positiivinen vahvistaminenTuire Kaimio luennoi Takkulassa: Hevosen positiivinen vahvistaminen Perjantaina 31.10.2025 kello 18-21 Tuire Kaimio on tietokirjailija, el\u00e4intenkouluttaja (eat) ja yleisesti el\u00e4inalan vaikuttaja. Tuire on omistanut ty\u00f6uransa el\u00e4inten hyvinvoinnin ja tieteeseen perustuvien pito- ja koulutustapojen kehitt\u00e4miselle ja levitt\u00e4miselle niin Suomessa kuin ulkomaillakin. Tuire kouluttaa ihmisi\u00e4 parempaan el\u00e4inten k\u00e4sittelyyn ja -kouluttamiseen. H\u00e4n [&hellip;]<\/p>\n","protected":false},"author":1,"featured_media":0,"parent":0,"menu_order":0,"comment_status":"closed","ping_status":"closed","template":"","meta":{"_et_pb_use_builder":"on","_et_pb_old_content":"","_et_gb_content_width":"","footnotes":""},"class_list":["post-247","page","type-page","status-publish","hentry"],"_links":{"self":[{"href":"http:\/\/www.lahdenratsastajat.fi\/index.php?rest_route=\/wp\/v2\/pages\/247","targetHints":{"allow":["GET"]}}],"collection":[{"href":"http:\/\/www.lahdenratsastajat.fi\/index.php?rest_route=\/wp\/v2\/pages"}],"about":[{"href":"http:\/\/www.lahdenratsastajat.fi\/index.php?rest_route=\/wp\/v2\/types\/page"}],"author":[{"embeddable":true,"href":"http:\/\/www.lahdenratsastajat.fi\/index.php?rest_route=\/wp\/v2\/users\/1"}],"replies":[{"embeddable":true,"href":"http:\/\/www.lahdenratsastajat.fi\/index.php?rest_route=%2Fwp%2Fv2%2Fcomments&post=247"}],"version-history":[{"count":3,"href":"http:\/\/www.lahdenratsastajat.fi\/index.php?rest_route=\/wp\/v2\/pages\/247\/revisions"}],"predecessor-version":[{"id":252,"href":"http:\/\/www.lahdenratsastajat.fi\/index.php?rest_route=\/wp\/v2\/pages\/247\/revisions\/252"}],"wp:attachment":[{"href":"http:\/\/www.lahdenratsastajat.fi\/index.php?rest_route=%2Fwp%2Fv2%2Fmedia&parent=247"}],"curies":[{"name":"wp","href":"https:\/\/api.w.org\/{rel}","templated":true}]}}